{"id":226,"date":"2025-06-18T20:27:07","date_gmt":"2025-06-18T18:27:07","guid":{"rendered":"https:\/\/www.carameletchocolat.fr\/?page_id=226"},"modified":"2025-07-19T23:39:40","modified_gmt":"2025-07-19T21:39:40","slug":"articles","status":"publish","type":"page","link":"https:\/\/www.carameletchocolat.fr\/index.php\/articles\/","title":{"rendered":"Articles"},"content":{"rendered":"\n<p class=\"has-text-align-center\">Depuis de nombreuses ann\u00e9es, je me destine \u00e0 devenir journaliste. Pan entier de Caramel et Chocolat, vous retrouverez une s\u00e9lection de mes \u00e9crits depuis 2018.<br>Je produirai dans le futur quelques articles pour ce site, en r\u00e9action \u00e0 l&rsquo;actualit\u00e9 ou selon mes envies.<\/p>\n\n\n\n<p class=\"has-text-align-center\">De 2023 \u00e0 2025, j&rsquo;ai \u00e9t\u00e9 correspondant au T\u00e9l\u00e9gramme, d&rsquo;abord \u00e0 Vannes puis \u00e0 Quiberon, voici mes articles : <br><a href=\"https:\/\/www.letelegramme.fr\/morbihan\/vannes-56000\/une-nouvelle-alternance-a-lucobs-darradon-6515798.php\">Une nouvelle alternance \u00e0 l&rsquo;UCOBS<\/a><br><a href=\"https:\/\/www.letelegramme.fr\/morbihan\/vannes-56000\/un-public-motive-a-assister-a-la-conference-de-quartier-libre-a-luniversite-de-vannes-6543389.php\">Un public motiv\u00e9 \u00e0 assister \u00e0 la conf\u00e9rence de Quartier Libre \u00e0 l\u2019universit\u00e9 de Vannes<\/a><br><a href=\"https:\/\/www.letelegramme.fr\/morbihan\/vannes-56000\/a-arradon-la-solidarite-sorganise-pour-les-etudiants-sans-toit-6464045.php\">\u00c0 Arradon, la solidarit\u00e9 s&rsquo;organise pour les \u00e9tudiants sans toit<\/a><br><a href=\"https:\/\/www.letelegramme.fr\/morbihan\/vannes-56000\/sans-bus-le-dimanche-soir-a-vannes-des-etudiants-en-galere-6463933.php\" target=\"_blank\" rel=\"noreferrer noopener\">Sans bus le dimanche soir \u00e0 Vannes, des \u00e9tudiants en gal\u00e8re<\/a><br><a href=\"https:\/\/www.letelegramme.fr\/morbihan\/vannes-56000\/a-luniversite-a-vannes-des-dispositifs-mis-en-place-pour-les-etudiants-precaires-6450650.php\" target=\"_blank\" rel=\"noreferrer noopener\">\u00c0 l&rsquo;universit\u00e9 \u00e0 Vannes, des dispositifs mis en place pour les \u00e9tudiants pr\u00e9caires<\/a><br><a href=\"https:\/\/www.letelegramme.fr\/morbihan\/vannes\/a-vannes-salome-le-joly-gagnante-du-concours-d-eloquence-patrik-o-droit-22-03-2023-13302453.php\" target=\"_blank\" rel=\"noreferrer noopener\">\u00c0 Vannes, Salom\u00e9 Le Joly, gagnante du concours d&rsquo;\u00e9loquence Patrik \u00d4 Droit<\/a><\/p>\n\n\n\n<p class=\"has-text-align-center\">Durant ma troisi\u00e8me ann\u00e9e de licence Sciences de l&rsquo;information et de la communication, j&rsquo;ai int\u00e9gr\u00e9 la r\u00e9daction d&rsquo;un blog \u00e9tudiant nomm\u00e9 \u00ab\u00a0Les \u00c9chos Vannetais\u00a0\u00bb : <\/p>\n\n\n\n<figure class=\"wp-block-embed aligncenter is-type-wp-embed is-provider-les-chos-vannetais wp-block-embed-les-chos-vannetais\"><div class=\"wp-block-embed__wrapper\">\n<blockquote class=\"wp-embedded-content\" data-secret=\"0CDMXJBpzv\"><a href=\"https:\/\/lesechosvannetais.com\/index.php\/2024\/04\/15\/eugene-riguidel-des-que-le-vent-du-combat-soufflera\/\">Eug\u00e8ne Riguidel, d\u00e8s que le vent du combat soufflera.<\/a><\/blockquote><iframe loading=\"lazy\" class=\"wp-embedded-content\" sandbox=\"allow-scripts\" security=\"restricted\" style=\"position: absolute; visibility: hidden;\" title=\"\u00ab\u00a0Eug\u00e8ne Riguidel, d\u00e8s que le vent du combat soufflera.\u00a0\u00bb &#8212; Les \u00c9chos Vannetais\" src=\"https:\/\/lesechosvannetais.com\/index.php\/2024\/04\/15\/eugene-riguidel-des-que-le-vent-du-combat-soufflera\/embed\/#?secret=0CDMXJBpzv\" data-secret=\"0CDMXJBpzv\" width=\"500\" height=\"282\" frameborder=\"0\" marginwidth=\"0\" marginheight=\"0\" scrolling=\"no\"><\/iframe>\n<\/div><\/figure>\n\n\n\n<figure class=\"wp-block-embed aligncenter is-type-wp-embed is-provider-les-chos-vannetais wp-block-embed-les-chos-vannetais\"><div class=\"wp-block-embed__wrapper\">\n<blockquote class=\"wp-embedded-content\" data-secret=\"sNjJSElIss\"><a href=\"https:\/\/lesechosvannetais.com\/index.php\/2024\/05\/14\/harcelement-scolaire-les-maux-bleus\/\">Harc\u00e8lement Scolaire : les Maux Bleus<\/a><\/blockquote><iframe loading=\"lazy\" class=\"wp-embedded-content\" sandbox=\"allow-scripts\" security=\"restricted\" style=\"position: absolute; visibility: hidden;\" title=\"\u00ab\u00a0Harc\u00e8lement Scolaire : les Maux Bleus\u00a0\u00bb &#8212; Les \u00c9chos Vannetais\" src=\"https:\/\/lesechosvannetais.com\/index.php\/2024\/05\/14\/harcelement-scolaire-les-maux-bleus\/embed\/#?secret=sNjJSElIss\" data-secret=\"sNjJSElIss\" width=\"500\" height=\"282\" frameborder=\"0\" marginwidth=\"0\" marginheight=\"0\" scrolling=\"no\"><\/iframe>\n<\/div><\/figure>\n\n\n\n<figure class=\"wp-block-embed aligncenter is-type-wp-embed is-provider-les-chos-vannetais wp-block-embed-les-chos-vannetais\"><div class=\"wp-block-embed__wrapper\">\n<blockquote class=\"wp-embedded-content\" data-secret=\"r1f2bSfmY2\"><a href=\"https:\/\/lesechosvannetais.com\/index.php\/2024\/01\/13\/lattal-mania-pour-relancer-le-quinquennat\/\">L&rsquo;Attal Mania pour relancer le quinquennat<\/a><\/blockquote><iframe loading=\"lazy\" class=\"wp-embedded-content\" sandbox=\"allow-scripts\" security=\"restricted\" style=\"position: absolute; visibility: hidden;\" title=\"\u00ab\u00a0L&rsquo;Attal Mania pour relancer le quinquennat\u00a0\u00bb &#8212; Les \u00c9chos Vannetais\" src=\"https:\/\/lesechosvannetais.com\/index.php\/2024\/01\/13\/lattal-mania-pour-relancer-le-quinquennat\/embed\/#?secret=r1f2bSfmY2\" data-secret=\"r1f2bSfmY2\" width=\"500\" height=\"282\" frameborder=\"0\" marginwidth=\"0\" marginheight=\"0\" scrolling=\"no\"><\/iframe>\n<\/div><\/figure>\n\n\n\n<figure class=\"wp-block-embed aligncenter is-type-wp-embed is-provider-les-chos-vannetais wp-block-embed-les-chos-vannetais\"><div class=\"wp-block-embed__wrapper\">\n<blockquote class=\"wp-embedded-content\" data-secret=\"86gHI0rliG\"><a href=\"https:\/\/lesechosvannetais.com\/index.php\/2023\/12\/10\/la-course-dune-vie\/\">La course d&rsquo;une vie<\/a><\/blockquote><iframe loading=\"lazy\" class=\"wp-embedded-content\" sandbox=\"allow-scripts\" security=\"restricted\" style=\"position: absolute; visibility: hidden;\" title=\"\u00ab\u00a0La course d&rsquo;une vie\u00a0\u00bb &#8212; Les \u00c9chos Vannetais\" src=\"https:\/\/lesechosvannetais.com\/index.php\/2023\/12\/10\/la-course-dune-vie\/embed\/#?secret=86gHI0rliG\" data-secret=\"86gHI0rliG\" width=\"500\" height=\"282\" frameborder=\"0\" marginwidth=\"0\" marginheight=\"0\" scrolling=\"no\"><\/iframe>\n<\/div><\/figure>\n\n\n\n<div style=\"height:100px\" aria-hidden=\"true\" class=\"wp-block-spacer\"><\/div>\n\n\n\n<p>Dans le cadre de ma licence, j&rsquo;ai \u00e9galement r\u00e9alis\u00e9 divers reportages vid\u00e9os et audios, voici l&rsquo;un d&rsquo;eux : <\/p>\n\n\n\n<figure class=\"wp-block-embed aligncenter is-type-video is-provider-youtube wp-block-embed-youtube wp-embed-aspect-16-9 wp-has-aspect-ratio\"><div class=\"wp-block-embed__wrapper\">\n<iframe loading=\"lazy\" title=\"S\u00e9curit\u00e9 Routi\u00e8re : Retour des 80km\/h dans le Morbihan ?\" width=\"500\" height=\"281\" src=\"https:\/\/www.youtube.com\/embed\/iAKNmLTnG5s?feature=oembed\" frameborder=\"0\" allow=\"accelerometer; autoplay; clipboard-write; encrypted-media; gyroscope; picture-in-picture; web-share\" referrerpolicy=\"strict-origin-when-cross-origin\" allowfullscreen><\/iframe>\n<\/div><\/figure>\n\n\n\n<div style=\"height:100px\" aria-hidden=\"true\" class=\"wp-block-spacer\"><\/div>\n\n\n\n<p class=\"has-text-align-center\"><em>Petite mise \u00e0 jour concernant ce reportage.<\/em> Apr\u00e8s plusieurs mois de tractations, de nombreuses routes sont repass\u00e9s \u00e0 90km\/h dans le Morbihan. Cette d\u00e9cision est effective depuis le mois de juillet 2025.<\/p>\n\n\n\n<p class=\"has-text-align-center\">En 2019, j&rsquo;ai eu l&rsquo;opportunit\u00e9, avec trois camarades, de cr\u00e9er un journal lyc\u00e9en, nomm\u00e9 Franklin&rsquo;s News. Voici un extrait avec une interview de Julien F\u00e9breau :<br><a href=\"https:\/\/ginkio.com\/storage\/project_file\/252843\/pdf_julien-febreau-commentateur-de-la-f1-sur-canal-livre-ses-plus-beaux-souvenirs-derriere-le-micro_128341.pdf\" target=\"_blank\" rel=\"noreferrer noopener\">Portrait : du journalisme \u00e0 la F1 : entretien avec Julien F\u00e9breau<\/a> <\/p>\n\n\n\n<p><\/p>\n","protected":false},"excerpt":{"rendered":"<p>Depuis de nombreuses ann\u00e9es, je me destine \u00e0 devenir journaliste. Pan entier de [&hellip;]<\/p>\n","protected":false},"author":1,"featured_media":0,"parent":0,"menu_order":0,"comment_status":"closed","ping_status":"closed","template":"","meta":{"footnotes":""},"class_list":["post-226","page","type-page","status-publish","hentry"],"_links":{"self":[{"href":"https:\/\/www.carameletchocolat.fr\/index.php\/wp-json\/wp\/v2\/pages\/226","targetHints":{"allow":["GET"]}}],"collection":[{"href":"https:\/\/www.carameletchocolat.fr\/index.php\/wp-json\/wp\/v2\/pages"}],"about":[{"href":"https:\/\/www.carameletchocolat.fr\/index.php\/wp-json\/wp\/v2\/types\/page"}],"author":[{"embeddable":true,"href":"https:\/\/www.carameletchocolat.fr\/index.php\/wp-json\/wp\/v2\/users\/1"}],"replies":[{"embeddable":true,"href":"https:\/\/www.carameletchocolat.fr\/index.php\/wp-json\/wp\/v2\/comments?post=226"}],"version-history":[{"count":5,"href":"https:\/\/www.carameletchocolat.fr\/index.php\/wp-json\/wp\/v2\/pages\/226\/revisions"}],"predecessor-version":[{"id":459,"href":"https:\/\/www.carameletchocolat.fr\/index.php\/wp-json\/wp\/v2\/pages\/226\/revisions\/459"}],"wp:attachment":[{"href":"https:\/\/www.carameletchocolat.fr\/index.php\/wp-json\/wp\/v2\/media?parent=226"}],"curies":[{"name":"wp","href":"https:\/\/api.w.org\/{rel}","templated":true}]}}